{"id":2363,"date":"2023-09-22T17:47:47","date_gmt":"2023-09-22T20:47:47","guid":{"rendered":"https:\/\/cosmicmagia.com\/?post_type=product&#038;p=2363"},"modified":"2025-05-02T18:31:19","modified_gmt":"2025-05-02T21:31:19","slug":"sweet-dreams-2","status":"publish","type":"product","link":"https:\/\/cosmicmagia.com\/index.php\/product\/sweet-dreams-2\/","title":{"rendered":"Sweet Dreams"},"content":{"rendered":"<p><span style=\"font-weight: 400;\">\u00d3leo essencial de Lavanda: \u00f3leo do equil\u00edbrio emocional. Indicado para dores de cabe\u00e7a, ins\u00f4nia, impaci\u00eancia, preocupa\u00e7\u00f5es, medos\u00a0 e estados de choque. Proporciona leveza e acalma estados conturbados.<\/span><\/p>\n<p><span style=\"font-weight: 400;\">\u00d3leo essencial de Litsea Cubeba:\u00a0 equil\u00edbrio mental e emocional. Indicado para palpita\u00e7\u00f5es, taquicardias, dores estomacais e dist\u00farbios do sono. Proporciona sensa\u00e7\u00e3o de acolhimento.<\/span><\/p>\n<p><span style=\"font-weight: 400;\">\u00d3leo essencial de Manjerona: usado em casos de dist\u00farbios do sono, stress, irritabilidade, compuls\u00e3o, situa\u00e7\u00f5es de choque ou ang\u00fastia. Elimina as tens\u00f5es acumuladas no dia a dia.\u00a0<\/span><\/p>\n<p><span style=\"font-weight: 400;\">\u00d3leo essencial de S\u00e1lvia Esclar\u00e9ia: \u00f3leo tranquilizante indicado para estados de ansiedade, estresse e tens\u00f5es; histeria, pessimismo e hiperatividade. \u00d3leo da clareza mental. Equilibrador do sistema hormonal feminino e hipertens\u00e3o. Restaura o sono.<\/span><\/p>\n<p><br style=\"font-weight: 400;\" \/><br style=\"font-weight: 400;\" \/><\/p>\n","protected":false},"excerpt":{"rendered":"<p><span style=\"font-weight: 400;\">O Sweet Dreams \u00e9 um spray de aura que proporciona um sono tranquilo e restaurador. Uma combina\u00e7\u00e3o tranquilizante de \u00f3leos essenciais, que possui propriedades calmantes, sedativas e ansiol\u00edticas. Ele equilibra as emo\u00e7\u00f5es, acalma estados conturbados, proporciona leveza, sensa\u00e7\u00e3o de acolhimento e melhora a ins\u00f4nia e dist\u00farbios do sono.\u00a0\u00a0<\/span><\/p>\n<p><br style=\"font-weight: 400;\" \/><br style=\"font-weight: 400;\" \/><\/p>\n","protected":false},"featured_media":1729,"comment_status":"open","ping_status":"closed","template":"","meta":{"site-sidebar-layout":"default","site-content-layout":"","ast-site-content-layout":"default","site-content-style":"default","site-sidebar-style":"default","ast-global-header-display":"","ast-banner-title-visibility":"","ast-main-header-display":"","ast-hfb-above-header-display":"","ast-hfb-below-header-display":"","ast-hfb-mobile-header-display":"","site-post-title":"","ast-breadcrumbs-content":"","ast-featured-img":"","footer-sml-layout":"","theme-transparent-header-meta":"default","adv-header-id-meta":"","stick-header-meta":"","header-above-stick-meta":"","header-main-stick-meta":"","header-below-stick-meta":"","astra-migrate-meta-layouts":"set","ast-page-background-enabled":"default","ast-page-background-meta":{"desktop":{"background-color":"","background-image":"","background-repeat":"repeat","background-position":"center center","background-size":"auto","background-attachment":"scroll","background-type":"","background-media":"","overlay-type":"","overlay-color":"","overlay-opacity":"","overlay-gradient":""},"tablet":{"background-color":"","background-image":"","background-repeat":"repeat","background-position":"center center","background-size":"auto","background-attachment":"scroll","background-type":"","background-media":"","overlay-type":"","overlay-color":"","overlay-opacity":"","overlay-gradient":""},"mobile":{"background-color":"","background-image":"","background-repeat":"repeat","background-position":"center center","background-size":"auto","background-attachment":"scroll","background-type":"","background-media":"","overlay-type":"","overlay-color":"","overlay-opacity":"","overlay-gradient":""}},"ast-content-background-meta":{"desktop":{"background-color":"var(--ast-global-color-5)","background-image":"","background-repeat":"repeat","background-position":"center center","background-size":"auto","background-attachment":"scroll","background-type":"","background-media":"","overlay-type":"","overlay-color":"","overlay-opacity":"","overlay-gradient":""},"tablet":{"background-color":"var(--ast-global-color-5)","background-image":"","background-repeat":"repeat","background-position":"center center","background-size":"auto","background-attachment":"scroll","background-type":"","background-media":"","overlay-type":"","overlay-color":"","overlay-opacity":"","overlay-gradient":""},"mobile":{"background-color":"var(--ast-global-color-5)","background-image":"","background-repeat":"repeat","background-position":"center center","background-size":"auto","background-attachment":"scroll","background-type":"","background-media":"","overlay-type":"","overlay-color":"","overlay-opacity":"","overlay-gradient":""}}},"product_brand":[],"product_cat":[25],"product_tag":[],"class_list":{"0":"post-2363","1":"product","2":"type-product","3":"status-publish","4":"has-post-thumbnail","6":"product_cat-sprays-de-aura","7":"desktop-align-left","8":"tablet-align-left","9":"mobile-align-left","11":"first","12":"instock","13":"shipping-taxable","14":"purchasable","15":"product-type-simple"},"jetpack_sharing_enabled":true,"_links":{"self":[{"href":"https:\/\/cosmicmagia.com\/index.php\/wp-json\/wp\/v2\/product\/2363","targetHints":{"allow":["GET"]}}],"collection":[{"href":"https:\/\/cosmicmagia.com\/index.php\/wp-json\/wp\/v2\/product"}],"about":[{"href":"https:\/\/cosmicmagia.com\/index.php\/wp-json\/wp\/v2\/types\/product"}],"replies":[{"embeddable":true,"href":"https:\/\/cosmicmagia.com\/index.php\/wp-json\/wp\/v2\/comments?post=2363"}],"wp:featuredmedia":[{"embeddable":true,"href":"https:\/\/cosmicmagia.com\/index.php\/wp-json\/wp\/v2\/media\/1729"}],"wp:attachment":[{"href":"https:\/\/cosmicmagia.com\/index.php\/wp-json\/wp\/v2\/media?parent=2363"}],"wp:term":[{"taxonomy":"product_brand","embeddable":true,"href":"https:\/\/cosmicmagia.com\/index.php\/wp-json\/wp\/v2\/product_brand?post=2363"},{"taxonomy":"product_cat","embeddable":true,"href":"https:\/\/cosmicmagia.com\/index.php\/wp-json\/wp\/v2\/product_cat?post=2363"},{"taxonomy":"product_tag","embeddable":true,"href":"https:\/\/cosmicmagia.com\/index.php\/wp-json\/wp\/v2\/product_tag?post=2363"}],"curies":[{"name":"wp","href":"https:\/\/api.w.org\/{rel}","templated":true}]}}