{"id":2364,"date":"2023-09-22T17:55:27","date_gmt":"2023-09-22T20:55:27","guid":{"rendered":"https:\/\/cosmicmagia.com\/?post_type=product&#038;p=2364"},"modified":"2025-05-02T18:30:27","modified_gmt":"2025-05-02T21:30:27","slug":"happy-mix","status":"publish","type":"product","link":"https:\/\/cosmicmagia.com\/index.php\/product\/happy-mix\/","title":{"rendered":"Happy Mix"},"content":{"rendered":"<p><span style=\"font-weight: 400;\">\u00d3leo essencial de Laranja Doce: Promove alegria e espontaneidade. Estimula a criatividade e elimina preocupa\u00e7\u00f5es. Ensina a aproveitar a vida com leveza e alegria de uma crian\u00e7a.\u00a0<\/span><\/p>\n<p>&nbsp;<\/p>\n<p><span style=\"font-weight: 400;\">\u00d3leo essencial de Bergamota: Antidepressivo e ansiol\u00edtico. \u00d3leo do poder pessoal. Promove otimismo, estimula o bom humor, a autoconfian\u00e7a e autovaloriza\u00e7\u00e3o.<\/span><span style=\"font-weight: 400;\">\u00a0<\/span><\/p>\n<p>&nbsp;<\/p>\n<p><span style=\"font-weight: 400;\">\u00d3leo essencial de Lim\u00e3o Siciliano: Ativa a concentra\u00e7\u00e3o, proporciona o al\u00edvio do cansa\u00e7o f\u00edsico e mental, estimula o \u00e2nimo.<\/span><\/p>\n<p><span style=\"font-weight: 400;\">\u00a0<\/span><\/p>\n<p><span style=\"font-weight: 400;\">\u00d3leo essencial de Litsea Cubeba: Equilibrador mental e emocional. Harmonizador de ambientes, uma excelente op\u00e7\u00e3o para recep\u00e7\u00f5es e consult\u00f3rios. Auxilia nos casos de fobia social, s\u00edndrome do p\u00e2nico, dist\u00farbio bipolar, ansiedade e estresse. Promove leveza e suavidade.<\/span><\/p>\n<p>&nbsp;<\/p>\n<p>\u00d3leo essencial de Patchouli: Auxilia no al\u00edvio do estresse, da ansiedade e apatia.<\/p>\n","protected":false},"excerpt":{"rendered":"<p><span style=\"font-weight: 400;\">O Happy Mix \u00e9 um spray de aura que promove alegria, bom humor e leveza. Uma combina\u00e7\u00e3o leve e cativante de \u00f3leos essenciais, perfeita para dar um boost de energia no seu dia. Ele promove o alto astral, estimula a criatividade e a comunica\u00e7\u00e3o, elimina preocupa\u00e7\u00f5es, resgata a vontade de viver, proporciona euforia e iniciativa para novos projetos. <\/span><\/p>\n","protected":false},"featured_media":2365,"comment_status":"open","ping_status":"closed","template":"","meta":{"site-sidebar-layout":"default","site-content-layout":"","ast-site-content-layout":"default","site-content-style":"default","site-sidebar-style":"default","ast-global-header-display":"","ast-banner-title-visibility":"","ast-main-header-display":"","ast-hfb-above-header-display":"","ast-hfb-below-header-display":"","ast-hfb-mobile-header-display":"","site-post-title":"","ast-breadcrumbs-content":"","ast-featured-img":"","footer-sml-layout":"","theme-transparent-header-meta":"default","adv-header-id-meta":"","stick-header-meta":"","header-above-stick-meta":"","header-main-stick-meta":"","header-below-stick-meta":"","astra-migrate-meta-layouts":"set","ast-page-background-enabled":"default","ast-page-background-meta":{"desktop":{"background-color":"","background-image":"","background-repeat":"repeat","background-position":"center center","background-size":"auto","background-attachment":"scroll","background-type":"","background-media":"","overlay-type":"","overlay-color":"","overlay-opacity":"","overlay-gradient":""},"tablet":{"background-color":"","background-image":"","background-repeat":"repeat","background-position":"center center","background-size":"auto","background-attachment":"scroll","background-type":"","background-media":"","overlay-type":"","overlay-color":"","overlay-opacity":"","overlay-gradient":""},"mobile":{"background-color":"","background-image":"","background-repeat":"repeat","background-position":"center center","background-size":"auto","background-attachment":"scroll","background-type":"","background-media":"","overlay-type":"","overlay-color":"","overlay-opacity":"","overlay-gradient":""}},"ast-content-background-meta":{"desktop":{"background-color":"var(--ast-global-color-5)","background-image":"","background-repeat":"repeat","background-position":"center center","background-size":"auto","background-attachment":"scroll","background-type":"","background-media":"","overlay-type":"","overlay-color":"","overlay-opacity":"","overlay-gradient":""},"tablet":{"background-color":"var(--ast-global-color-5)","background-image":"","background-repeat":"repeat","background-position":"center center","background-size":"auto","background-attachment":"scroll","background-type":"","background-media":"","overlay-type":"","overlay-color":"","overlay-opacity":"","overlay-gradient":""},"mobile":{"background-color":"var(--ast-global-color-5)","background-image":"","background-repeat":"repeat","background-position":"center center","background-size":"auto","background-attachment":"scroll","background-type":"","background-media":"","overlay-type":"","overlay-color":"","overlay-opacity":"","overlay-gradient":""}}},"product_brand":[],"product_cat":[25],"product_tag":[],"class_list":{"0":"post-2364","1":"product","2":"type-product","3":"status-publish","4":"has-post-thumbnail","6":"product_cat-sprays-de-aura","7":"desktop-align-left","8":"tablet-align-left","9":"mobile-align-left","11":"first","12":"instock","13":"featured","14":"shipping-taxable","15":"purchasable","16":"product-type-simple"},"jetpack_sharing_enabled":true,"_links":{"self":[{"href":"https:\/\/cosmicmagia.com\/index.php\/wp-json\/wp\/v2\/product\/2364","targetHints":{"allow":["GET"]}}],"collection":[{"href":"https:\/\/cosmicmagia.com\/index.php\/wp-json\/wp\/v2\/product"}],"about":[{"href":"https:\/\/cosmicmagia.com\/index.php\/wp-json\/wp\/v2\/types\/product"}],"replies":[{"embeddable":true,"href":"https:\/\/cosmicmagia.com\/index.php\/wp-json\/wp\/v2\/comments?post=2364"}],"wp:featuredmedia":[{"embeddable":true,"href":"https:\/\/cosmicmagia.com\/index.php\/wp-json\/wp\/v2\/media\/2365"}],"wp:attachment":[{"href":"https:\/\/cosmicmagia.com\/index.php\/wp-json\/wp\/v2\/media?parent=2364"}],"wp:term":[{"taxonomy":"product_brand","embeddable":true,"href":"https:\/\/cosmicmagia.com\/index.php\/wp-json\/wp\/v2\/product_brand?post=2364"},{"taxonomy":"product_cat","embeddable":true,"href":"https:\/\/cosmicmagia.com\/index.php\/wp-json\/wp\/v2\/product_cat?post=2364"},{"taxonomy":"product_tag","embeddable":true,"href":"https:\/\/cosmicmagia.com\/index.php\/wp-json\/wp\/v2\/product_tag?post=2364"}],"curies":[{"name":"wp","href":"https:\/\/api.w.org\/{rel}","templated":true}]}}