{"id":2868,"date":"2023-10-25T20:46:35","date_gmt":"2023-10-25T23:46:35","guid":{"rendered":"https:\/\/cosmicmagia.com\/?post_type=product&#038;p=2868"},"modified":"2024-12-16T17:38:27","modified_gmt":"2024-12-16T20:38:27","slug":"cristais-de-protecao","status":"publish","type":"product","link":"https:\/\/cosmicmagia.com\/index.php\/product\/cristais-de-protecao\/","title":{"rendered":"CRISTAIS DE PROTE\u00c7\u00c3O"},"content":{"rendered":"<p>Kit 3 cristais para prote\u00e7\u00e3o<\/p>\n<p>&nbsp;<\/p>\n<p>Jaspe vermelho: <span style=\"font-weight: 400;\">Pedra de prote\u00e7\u00e3o, muito poderosa. Proporciona prote\u00e7\u00e3o energ\u00e9tica e espiritual, bloqueia e neutraliza ataques espirituais. Ajuda no fortalecimento pessoal e fortalece a energia sexual. Auxilia em momentos de dificuldade, mantendo o centramento e a calma. <\/span><\/p>\n<p>&nbsp;<\/p>\n<p>\u00d4nix preta: Considerada a <span style=\"font-weight: 400;\">pedra do poder, da realiza\u00e7\u00e3o pessoal e um poderoso amuleto de prote\u00e7\u00e3o. A vibra\u00e7\u00e3o dessa pedra canaliza energias para atingir metas e nos mant\u00e9m seguros e centrados mesmo em situa\u00e7\u00f5es dif\u00edceis. Ela fortalece a sa\u00fade, amplia a for\u00e7a mental e f\u00edsica, aumenta o autocontrole, afasta os pensamentos negativos e ajuda a\u00a0 vencer os medos. Repele ataques espirituais, purifica todo o nosso campo de energia pessoal, afasta m\u00e1s energias e pessoas mal intencionadas. Pode ser usada como amuleto em colares e tamb\u00e9m no ambiente.<\/span><\/p>\n<p>&nbsp;<\/p>\n<p>Turmalina negra: \u00c9 uma<span style=\"font-weight: 400;\"> das principais e mais poderosas pedras de prote\u00e7\u00e3o porque tem o poder de limpar, purificar e transmutar energias densas. Combate as energias negativas e afasta as m\u00e1s inten\u00e7\u00f5es. Tamb\u00e9m protege dos efeitos das ondas eletromagn\u00e9ticas de celulares e outros eletr\u00f4nicos e funciona como uma \u00e2ncora, aumentando a\u00a0 vitalidade.\u00a0 \u00c9 um excelente amuleto para levar consigo ou deixar em ambientes para proteger. <\/span><\/p>\n","protected":false},"excerpt":{"rendered":"<p>Kit 3 cristais para prote\u00e7\u00e3o &nbsp; Jaspe vermelho: Pedra de prote\u00e7\u00e3o, muito poderosa. Proporciona prote\u00e7\u00e3o energ\u00e9tica e espiritual, bloqueia e neutraliza ataques espirituais. Ajuda no fortalecimento pessoal e fortalece a energia sexual. Auxilia em momentos de dificuldade, mantendo o centramento e a calma. &nbsp; \u00d4nix preta: Considerada a pedra do poder, da realiza\u00e7\u00e3o pessoal e [&hellip;]<\/p>\n","protected":false},"featured_media":2869,"comment_status":"open","ping_status":"closed","template":"","meta":{"site-sidebar-layout":"default","site-content-layout":"","ast-site-content-layout":"default","site-content-style":"default","site-sidebar-style":"default","ast-global-header-display":"","ast-banner-title-visibility":"","ast-main-header-display":"","ast-hfb-above-header-display":"","ast-hfb-below-header-display":"","ast-hfb-mobile-header-display":"","site-post-title":"","ast-breadcrumbs-content":"","ast-featured-img":"","footer-sml-layout":"","theme-transparent-header-meta":"default","adv-header-id-meta":"","stick-header-meta":"","header-above-stick-meta":"","header-main-stick-meta":"","header-below-stick-meta":"","astra-migrate-meta-layouts":"set","ast-page-background-enabled":"default","ast-page-background-meta":{"desktop":{"background-color":"","background-image":"","background-repeat":"repeat","background-position":"center center","background-size":"auto","background-attachment":"scroll","background-type":"","background-media":"","overlay-type":"","overlay-color":"","overlay-opacity":"","overlay-gradient":""},"tablet":{"background-color":"","background-image":"","background-repeat":"repeat","background-position":"center center","background-size":"auto","background-attachment":"scroll","background-type":"","background-media":"","overlay-type":"","overlay-color":"","overlay-opacity":"","overlay-gradient":""},"mobile":{"background-color":"","background-image":"","background-repeat":"repeat","background-position":"center center","background-size":"auto","background-attachment":"scroll","background-type":"","background-media":"","overlay-type":"","overlay-color":"","overlay-opacity":"","overlay-gradient":""}},"ast-content-background-meta":{"desktop":{"background-color":"var(--ast-global-color-5)","background-image":"","background-repeat":"repeat","background-position":"center center","background-size":"auto","background-attachment":"scroll","background-type":"","background-media":"","overlay-type":"","overlay-color":"","overlay-opacity":"","overlay-gradient":""},"tablet":{"background-color":"var(--ast-global-color-5)","background-image":"","background-repeat":"repeat","background-position":"center center","background-size":"auto","background-attachment":"scroll","background-type":"","background-media":"","overlay-type":"","overlay-color":"","overlay-opacity":"","overlay-gradient":""},"mobile":{"background-color":"var(--ast-global-color-5)","background-image":"","background-repeat":"repeat","background-position":"center center","background-size":"auto","background-attachment":"scroll","background-type":"","background-media":"","overlay-type":"","overlay-color":"","overlay-opacity":"","overlay-gradient":""}}},"product_brand":[],"product_cat":[26,30],"product_tag":[],"class_list":{"0":"post-2868","1":"product","2":"type-product","3":"status-publish","4":"has-post-thumbnail","6":"product_cat-cristais","7":"product_cat-kits","8":"desktop-align-left","9":"tablet-align-left","10":"mobile-align-left","12":"first","13":"instock","14":"shipping-taxable","15":"purchasable","16":"product-type-simple"},"jetpack_sharing_enabled":true,"_links":{"self":[{"href":"https:\/\/cosmicmagia.com\/index.php\/wp-json\/wp\/v2\/product\/2868","targetHints":{"allow":["GET"]}}],"collection":[{"href":"https:\/\/cosmicmagia.com\/index.php\/wp-json\/wp\/v2\/product"}],"about":[{"href":"https:\/\/cosmicmagia.com\/index.php\/wp-json\/wp\/v2\/types\/product"}],"replies":[{"embeddable":true,"href":"https:\/\/cosmicmagia.com\/index.php\/wp-json\/wp\/v2\/comments?post=2868"}],"wp:featuredmedia":[{"embeddable":true,"href":"https:\/\/cosmicmagia.com\/index.php\/wp-json\/wp\/v2\/media\/2869"}],"wp:attachment":[{"href":"https:\/\/cosmicmagia.com\/index.php\/wp-json\/wp\/v2\/media?parent=2868"}],"wp:term":[{"taxonomy":"product_brand","embeddable":true,"href":"https:\/\/cosmicmagia.com\/index.php\/wp-json\/wp\/v2\/product_brand?post=2868"},{"taxonomy":"product_cat","embeddable":true,"href":"https:\/\/cosmicmagia.com\/index.php\/wp-json\/wp\/v2\/product_cat?post=2868"},{"taxonomy":"product_tag","embeddable":true,"href":"https:\/\/cosmicmagia.com\/index.php\/wp-json\/wp\/v2\/product_tag?post=2868"}],"curies":[{"name":"wp","href":"https:\/\/api.w.org\/{rel}","templated":true}]}}