{"id":2873,"date":"2023-10-25T20:53:33","date_gmt":"2023-10-25T23:53:33","guid":{"rendered":"https:\/\/cosmicmagia.com\/?post_type=product&#038;p=2873"},"modified":"2024-07-01T14:52:42","modified_gmt":"2024-07-01T17:52:42","slug":"cristais-de-prosperidade","status":"publish","type":"product","link":"https:\/\/cosmicmagia.com\/index.php\/product\/cristais-de-prosperidade\/","title":{"rendered":"CRISTAIS DE PROSPERIDADE"},"content":{"rendered":"<p>Kit 3 cristais para atrair prosperidade<\/p>\n<p>Citrino: \u00e9 o chamado <span style=\"font-weight: 400;\">\u00a0cristal da prosperidade, proporciona uma forte energia solar e transmite for\u00e7a, poder e alegria de viver. Ele aumenta a energia vital, ajuda a desenvolver a criatividade e a express\u00e3o dos sentimentos. Emocionalmente, diminui as tend\u00eancias depressivas, desenvolve o otimismo e ativa o terceiro Chakra, mais conhecido como Plexo Solar. \u00c9 \u00f3timo para proteger das doen\u00e7as relacionadas ao frio, ajuda a manter o sistema digestivo saud\u00e1vel e nos processos de desintoxica\u00e7\u00e3o do corpo.<\/span><\/p>\n<p>&nbsp;<\/p>\n<p><span style=\"font-weight: 400;\">Cornalina: \u00c9 uma pedra vitalizante e estabilizadora de energia. Ela favorece o sucesso profissional, fortalece a sa\u00fade e a for\u00e7a vital. Ajuda a ter sensa\u00e7\u00e3o de coragem e espantar medos, protege contra inveja e energias negativas, purifica a energia de pessoas e ambientes. <\/span><span style=\"font-weight: 400;\">Tamb\u00e9m \u00e9 \u00f3tima para ajudar nos per\u00edodos de mudan\u00e7as porque estimula a perseveran\u00e7a, atraindo mudan\u00e7as positivas para a vida. Ainda ajuda a elevar a energia sexual, estimula o metabolismo e a autoconfian\u00e7a. <\/span><\/p>\n<p>&nbsp;<\/p>\n<p>Quartzo Verde:\u00a0<span style=\"font-weight: 400;\">Considerada a pedra da sa\u00fade, da vitalidade e energizadora de ambientes. Essa pedra transmite energia curativa, fortalece a sa\u00fade, alimenta o poder da autocura. Protege dos sugadores de\u00a0 energia, transforma energia negativa em positiva. Atrai prosperidade, aumenta o n\u00edvel de energia, elimina cansa\u00e7o f\u00edsico e mental, equilibra as emo\u00e7\u00f5es e fortalece o metabolismo.\u00a0<\/span><\/p>\n<p>&nbsp;<\/p>\n<p>&nbsp;<\/p>\n","protected":false},"excerpt":{"rendered":"<p>Kit 3 cristais para atrair prosperidade Citrino: \u00e9 o chamado \u00a0cristal da prosperidade, proporciona uma forte energia solar e transmite for\u00e7a, poder e alegria de viver. Ele aumenta a energia vital, ajuda a desenvolver a criatividade e a express\u00e3o dos sentimentos. Emocionalmente, diminui as tend\u00eancias depressivas, desenvolve o otimismo e ativa o terceiro Chakra, mais [&hellip;]<\/p>\n","protected":false},"featured_media":2871,"comment_status":"open","ping_status":"closed","template":"","meta":{"site-sidebar-layout":"default","site-content-layout":"","ast-site-content-layout":"default","site-content-style":"default","site-sidebar-style":"default","ast-global-header-display":"","ast-banner-title-visibility":"","ast-main-header-display":"","ast-hfb-above-header-display":"","ast-hfb-below-header-display":"","ast-hfb-mobile-header-display":"","site-post-title":"","ast-breadcrumbs-content":"","ast-featured-img":"","footer-sml-layout":"","theme-transparent-header-meta":"default","adv-header-id-meta":"","stick-header-meta":"","header-above-stick-meta":"","header-main-stick-meta":"","header-below-stick-meta":"","astra-migrate-meta-layouts":"set","ast-page-background-enabled":"default","ast-page-background-meta":{"desktop":{"background-color":"","background-image":"","background-repeat":"repeat","background-position":"center center","background-size":"auto","background-attachment":"scroll","background-type":"","background-media":"","overlay-type":"","overlay-color":"","overlay-opacity":"","overlay-gradient":""},"tablet":{"background-color":"","background-image":"","background-repeat":"repeat","background-position":"center center","background-size":"auto","background-attachment":"scroll","background-type":"","background-media":"","overlay-type":"","overlay-color":"","overlay-opacity":"","overlay-gradient":""},"mobile":{"background-color":"","background-image":"","background-repeat":"repeat","background-position":"center center","background-size":"auto","background-attachment":"scroll","background-type":"","background-media":"","overlay-type":"","overlay-color":"","overlay-opacity":"","overlay-gradient":""}},"ast-content-background-meta":{"desktop":{"background-color":"var(--ast-global-color-5)","background-image":"","background-repeat":"repeat","background-position":"center center","background-size":"auto","background-attachment":"scroll","background-type":"","background-media":"","overlay-type":"","overlay-color":"","overlay-opacity":"","overlay-gradient":""},"tablet":{"background-color":"var(--ast-global-color-5)","background-image":"","background-repeat":"repeat","background-position":"center center","background-size":"auto","background-attachment":"scroll","background-type":"","background-media":"","overlay-type":"","overlay-color":"","overlay-opacity":"","overlay-gradient":""},"mobile":{"background-color":"var(--ast-global-color-5)","background-image":"","background-repeat":"repeat","background-position":"center center","background-size":"auto","background-attachment":"scroll","background-type":"","background-media":"","overlay-type":"","overlay-color":"","overlay-opacity":"","overlay-gradient":""}}},"product_brand":[],"product_cat":[26,30],"product_tag":[],"class_list":{"0":"post-2873","1":"product","2":"type-product","3":"status-publish","4":"has-post-thumbnail","6":"product_cat-cristais","7":"product_cat-kits","8":"desktop-align-left","9":"tablet-align-left","10":"mobile-align-left","12":"first","13":"instock","14":"shipping-taxable","15":"purchasable","16":"product-type-simple"},"jetpack_sharing_enabled":true,"_links":{"self":[{"href":"https:\/\/cosmicmagia.com\/index.php\/wp-json\/wp\/v2\/product\/2873","targetHints":{"allow":["GET"]}}],"collection":[{"href":"https:\/\/cosmicmagia.com\/index.php\/wp-json\/wp\/v2\/product"}],"about":[{"href":"https:\/\/cosmicmagia.com\/index.php\/wp-json\/wp\/v2\/types\/product"}],"replies":[{"embeddable":true,"href":"https:\/\/cosmicmagia.com\/index.php\/wp-json\/wp\/v2\/comments?post=2873"}],"wp:featuredmedia":[{"embeddable":true,"href":"https:\/\/cosmicmagia.com\/index.php\/wp-json\/wp\/v2\/media\/2871"}],"wp:attachment":[{"href":"https:\/\/cosmicmagia.com\/index.php\/wp-json\/wp\/v2\/media?parent=2873"}],"wp:term":[{"taxonomy":"product_brand","embeddable":true,"href":"https:\/\/cosmicmagia.com\/index.php\/wp-json\/wp\/v2\/product_brand?post=2873"},{"taxonomy":"product_cat","embeddable":true,"href":"https:\/\/cosmicmagia.com\/index.php\/wp-json\/wp\/v2\/product_cat?post=2873"},{"taxonomy":"product_tag","embeddable":true,"href":"https:\/\/cosmicmagia.com\/index.php\/wp-json\/wp\/v2\/product_tag?post=2873"}],"curies":[{"name":"wp","href":"https:\/\/api.w.org\/{rel}","templated":true}]}}