{"id":2941,"date":"2024-01-18T19:39:12","date_gmt":"2024-01-18T22:39:12","guid":{"rendered":"https:\/\/cosmicmagia.com\/index.php\/product\/kit-4-incensos\/"},"modified":"2024-12-16T17:38:08","modified_gmt":"2024-12-16T20:38:08","slug":"kit-4-incensos","status":"publish","type":"product","link":"https:\/\/cosmicmagia.com\/index.php\/product\/kit-4-incensos\/","title":{"rendered":"KIT 4 INCENSOS"},"content":{"rendered":"<p>Abund\u00e2ncia &#8211;\u00a0<span style=\"color: #404040; font-family: Poppins, sans-serif; font-size: 16px;\">A Canela \u00e9 uma especiaria que auxilia a modificar a nossa energia, tornando-a mais atraente e magn\u00e9tica, por isso dizem que \u00e9 a especiaria da prosperidade, pois ficamos mais prontos e atrativos para uma situa\u00e7\u00e3o favor\u00e1vel. Ela atrai as boas vibra\u00e7\u00f5es do dinheiro, da prosperidade e da abund\u00e2ncia para o seu corpo f\u00edsico, espiritual e para o ambiente. Ele aumenta a libido, traz auto confian\u00e7a, abund\u00e2ncia e alegria de viver. Al\u00e9m disso, nos ajuda a ficar mais atentos, favorecendo os est\u00edmulos mentais.<\/span><\/p>\n<p>Harmonia &#8211;\u00a0<span style=\"color: #404040; font-family: Poppins, sans-serif; font-size: 16px;\">O Bambu tem o poder de transmutar energias ativando as energias estagnadas, melhorando a energia vital da vida. Ele atrai prosperidade, sorte, fortuna e ativa a energia positiva. Alegre e intenso proporciona sensa\u00e7\u00e3o de bem-estar e harmonia, sendo ideal para promover no ambiente uma atmosfera leve e refrescante, com sensa\u00e7\u00e3o de aconchego e tranquilidade.<\/span><\/p>\n<p>Tranquilidade &#8211;\u00a0<span style=\"color: #404040; font-family: Poppins, sans-serif; font-size: 16px;\">Muito utilizada para fins terap\u00eauticos, o incenso de lavanda \u00e9 essencial para harmonizar o ambiente e nosso astral, proporciona sensa\u00e7\u00e3o de tranquilidade e calma, \u00e9 bom para momentos de medita\u00e7\u00e3o e reflex\u00e3o,\u00a0 para maior conex\u00e3o e para deixar de lado a loucura do dia a dia. Ajuda a purificar a alma e nos d\u00e1 mais \u00e2nimo para enfrentar situa\u00e7\u00f5es complicadas.\u00a0<\/span><span style=\"color: #404040; font-family: Poppins, sans-serif; font-size: 16px;\"><br \/>\n<\/span><span style=\"color: #404040; font-family: Poppins, sans-serif; font-size: 16px;\"><br \/>\nEquil\u00edbrio &#8211;\u00a0<\/span><span style=\"color: #404040; font-family: Poppins, sans-serif; font-size: 16px;\">O incenso de Alecrim ajuda a equilibrar a paz interior, proporciona uma sensa\u00e7\u00e3o de relaxamento e ajuda no equil\u00edbrio do nosso humor e nos momentos em que estamos meio bad vibes. Ajuda a elevar os pensamentos e a energia. Tamb\u00e9m pode ser utilizado para limpar e purificar o ambiente.\u00a0<\/span><\/p>\n<p>&nbsp;<\/p>\n<p><span style=\"color: #404040; font-family: Poppins, sans-serif; font-size: 16px;\">\u00a0<\/span><\/p>\n","protected":false},"excerpt":{"rendered":"<p>Kit com 4 incensos artesanais nos aromas de:<\/p>\n<p>Abund\u00e2ncia (Canela)<br \/>\nHarmonia (Bambu)<br \/>\nTranquilidade (Lavanda)<br \/>\nEquil\u00edbrio (Alecrim)<\/p>\n","protected":false},"featured_media":2942,"comment_status":"open","ping_status":"closed","template":"","meta":{"site-sidebar-layout":"default","site-content-layout":"","ast-site-content-layout":"default","site-content-style":"default","site-sidebar-style":"default","ast-global-header-display":"","ast-banner-title-visibility":"","ast-main-header-display":"","ast-hfb-above-header-display":"","ast-hfb-below-header-display":"","ast-hfb-mobile-header-display":"","site-post-title":"","ast-breadcrumbs-content":"","ast-featured-img":"","footer-sml-layout":"","theme-transparent-header-meta":"default","adv-header-id-meta":"","stick-header-meta":"","header-above-stick-meta":"","header-main-stick-meta":"","header-below-stick-meta":"","astra-migrate-meta-layouts":"set","ast-page-background-enabled":"default","ast-page-background-meta":{"desktop":{"background-color":"","background-image":"","background-repeat":"repeat","background-position":"center center","background-size":"auto","background-attachment":"scroll","background-type":"","background-media":"","overlay-type":"","overlay-color":"","overlay-opacity":"","overlay-gradient":""},"tablet":{"background-color":"","background-image":"","background-repeat":"repeat","background-position":"center center","background-size":"auto","background-attachment":"scroll","background-type":"","background-media":"","overlay-type":"","overlay-color":"","overlay-opacity":"","overlay-gradient":""},"mobile":{"background-color":"","background-image":"","background-repeat":"repeat","background-position":"center center","background-size":"auto","background-attachment":"scroll","background-type":"","background-media":"","overlay-type":"","overlay-color":"","overlay-opacity":"","overlay-gradient":""}},"ast-content-background-meta":{"desktop":{"background-color":"var(--ast-global-color-5)","background-image":"","background-repeat":"repeat","background-position":"center center","background-size":"auto","background-attachment":"scroll","background-type":"","background-media":"","overlay-type":"","overlay-color":"","overlay-opacity":"","overlay-gradient":""},"tablet":{"background-color":"var(--ast-global-color-5)","background-image":"","background-repeat":"repeat","background-position":"center center","background-size":"auto","background-attachment":"scroll","background-type":"","background-media":"","overlay-type":"","overlay-color":"","overlay-opacity":"","overlay-gradient":""},"mobile":{"background-color":"var(--ast-global-color-5)","background-image":"","background-repeat":"repeat","background-position":"center center","background-size":"auto","background-attachment":"scroll","background-type":"","background-media":"","overlay-type":"","overlay-color":"","overlay-opacity":"","overlay-gradient":""}}},"product_brand":[],"product_cat":[24],"product_tag":[],"class_list":{"0":"post-2941","1":"product","2":"type-product","3":"status-publish","4":"has-post-thumbnail","6":"product_cat-incensos","7":"desktop-align-left","8":"tablet-align-left","9":"mobile-align-left","11":"first","12":"instock","13":"shipping-taxable","14":"purchasable","15":"product-type-simple"},"jetpack_sharing_enabled":true,"_links":{"self":[{"href":"https:\/\/cosmicmagia.com\/index.php\/wp-json\/wp\/v2\/product\/2941","targetHints":{"allow":["GET"]}}],"collection":[{"href":"https:\/\/cosmicmagia.com\/index.php\/wp-json\/wp\/v2\/product"}],"about":[{"href":"https:\/\/cosmicmagia.com\/index.php\/wp-json\/wp\/v2\/types\/product"}],"replies":[{"embeddable":true,"href":"https:\/\/cosmicmagia.com\/index.php\/wp-json\/wp\/v2\/comments?post=2941"}],"wp:featuredmedia":[{"embeddable":true,"href":"https:\/\/cosmicmagia.com\/index.php\/wp-json\/wp\/v2\/media\/2942"}],"wp:attachment":[{"href":"https:\/\/cosmicmagia.com\/index.php\/wp-json\/wp\/v2\/media?parent=2941"}],"wp:term":[{"taxonomy":"product_brand","embeddable":true,"href":"https:\/\/cosmicmagia.com\/index.php\/wp-json\/wp\/v2\/product_brand?post=2941"},{"taxonomy":"product_cat","embeddable":true,"href":"https:\/\/cosmicmagia.com\/index.php\/wp-json\/wp\/v2\/product_cat?post=2941"},{"taxonomy":"product_tag","embeddable":true,"href":"https:\/\/cosmicmagia.com\/index.php\/wp-json\/wp\/v2\/product_tag?post=2941"}],"curies":[{"name":"wp","href":"https:\/\/api.w.org\/{rel}","templated":true}]}}